{"id":1005,"date":"2022-01-10T12:40:23","date_gmt":"2022-01-10T16:40:23","guid":{"rendered":"https:\/\/gadparroquialsanjuan.gob.ec\/azuay\/?page_id=1005"},"modified":"2023-07-17T19:31:42","modified_gmt":"2023-07-17T23:31:42","slug":"rendicion-de-cuentas-2022","status":"publish","type":"page","link":"https:\/\/gadparroquialsanjuan.gob.ec\/azuay\/rendicion-de-cuentas-2022\/","title":{"rendered":"Rendici\u00f3n de Cuentas 2022"},"content":{"rendered":"<p><a href=\"https:\/\/gadparroquialsanjuan.gob.ec\/azuay\/wp-content\/uploads\/2023\/07\/PRESENTACION-SAN-JUAN-2022.pptx\">PRESENTACI\u00d3N SAN JUAN 2022<\/a><\/p>\n<p><a href=\"https:\/\/gadparroquialsanjuan.gob.ec\/azuay\/wp-content\/uploads\/2023\/07\/ReporteInformeGad-Rendicion-de-cuentas-ano-2022.pdf\">ReporteInformeGad Rendicion de cuentas a\u00f1o 2022<\/a><\/p>\n<p><a href=\"https:\/\/gadparroquialsanjuan.gob.ec\/azuay\/wp-content\/uploads\/2023\/07\/AutoridadesFinGestion-Sandra-Quichimbo.pdf\">AutoridadesFinGestion Sandra Quichimbo<\/a><\/p>\n<p><a href=\"https:\/\/gadparroquialsanjuan.gob.ec\/azuay\/wp-content\/uploads\/2023\/07\/AutoridadesFinGestion-Raul-Rios-1.pdf\">AutoridadesFinGestion Raul R\u00edos (1)<\/a><\/p>\n<p><a href=\"https:\/\/gadparroquialsanjuan.gob.ec\/azuay\/wp-content\/uploads\/2023\/07\/AutoridadesFinGestion-Jonnathan-Quinonez-1.pdf\">AutoridadesFinGestion Jonnathan Qui\u00f1onez (1)<\/a><\/p>\n<p><a href=\"https:\/\/gadparroquialsanjuan.gob.ec\/azuay\/wp-content\/uploads\/2023\/07\/AutoridadesFinGestion-Jaime-Nivicela-1.pdf\">AutoridadesFinGestion Jaime Nivicela (1)<\/a><\/p>\n<p><a href=\"https:\/\/gadparroquialsanjuan.gob.ec\/azuay\/wp-content\/uploads\/2023\/07\/Autoridades-Sandra-Quichimbo.pdf\">Autoridades Sandra Quichimbo<\/a><\/p>\n<p><a href=\"https:\/\/gadparroquialsanjuan.gob.ec\/azuay\/wp-content\/uploads\/2023\/07\/Autoridades-Raul-Rios-1.pdf\">Autoridades Raul R\u00edos (1)<\/a><\/p>\n<p><a href=\"https:\/\/gadparroquialsanjuan.gob.ec\/azuay\/wp-content\/uploads\/2023\/07\/Autoridades-Jonnathan-Quinonez-1.pdf\">Autoridades Jonnathan Qui\u00f1onez (1)<\/a><\/p>\n<p><a href=\"https:\/\/gadparroquialsanjuan.gob.ec\/azuay\/wp-content\/uploads\/2023\/07\/Autoridades-Jaime-Encalada-1.pdf\">Autoridades Jaime Encalada (1)<\/a><\/p>\n<p><a href=\"https:\/\/gadparroquialsanjuan.gob.ec\/azuay\/wp-content\/uploads\/2023\/07\/Autoridades-Digna-Zapatanga-1.pdf\">Autoridades Digna Zapatanga (1)<\/a><\/p>\n<p>&nbsp;<\/p>\n<p><a href=\"https:\/\/gadparroquialsanjuan.gob.ec\/azuay\/wp-content\/uploads\/2023\/05\/ACTA-DE-LA-REUNION-DE-LA-RENDICION-DE-CUENTAS.pdf\">ACTA DE LA REUNION DE LA RENDICION DE CUENTAS<\/a><\/p>\n<p><a href=\"https:\/\/gadparroquialsanjuan.gob.ec\/azuay\/wp-content\/uploads\/2023\/05\/ACTA-DE-RENDICION-DE-CUENTAS.pdf\">ACTA DE RENDICION DE CUENTAS<\/a><\/p>\n<p><a href=\"https:\/\/gadparroquialsanjuan.gob.ec\/azuay\/wp-content\/uploads\/2023\/05\/APROBACION-DEL-INFORME-DE-RENDICION-DE-CUENTAS.pdf\">APROBACION DEL INFORME DE RENDICION DE CUENTAS<\/a><\/p>\n<p><a href=\"https:\/\/gadparroquialsanjuan.gob.ec\/azuay\/wp-content\/uploads\/2023\/05\/DELEGACION-DE-LA-COMISION-PARA-LA-RENDICION-DE-CUENTAS.pdf\">DELEGACION DE LA COMISION PARA LA RENDICION DE CUENTAS<\/a><\/p>\n<p><a href=\"https:\/\/gadparroquialsanjuan.gob.ec\/azuay\/wp-content\/uploads\/2023\/05\/DELEGACION-PARA-REPRESENTANTE-DE-LA-CIUDADANIA.pdf\">DELEGACION PARA REPRESENTANTE DE LA CIUDADANIA<\/a><\/p>\n<p><a href=\"https:\/\/gadparroquialsanjuan.gob.ec\/azuay\/wp-content\/uploads\/2023\/05\/ENTREGA-DE-INFORME-RENDICION-DE-CUENTAS-A-PRESIDENTE.pdf\">ENTREGA DE INFORME RENDICION DE CUENTAS A PRESIDENTE<\/a><\/p>\n<p><a href=\"https:\/\/gadparroquialsanjuan.gob.ec\/azuay\/wp-content\/uploads\/2023\/05\/FORMATO-DE-FORMULARIO-DE-PREGUNTAS.pdf\">FORMATO DE FORMULARIO DE PREGUNTAS<\/a><\/p>\n<p><a href=\"https:\/\/gadparroquialsanjuan.gob.ec\/azuay\/wp-content\/uploads\/2023\/05\/INFORME-NARRATIVO-RENDICION-DE-CUENTAS-1.pdf\">INFORME NARRATIVO RENDICION DE CUENTAS <\/a><\/p>\n<p><a href=\"https:\/\/gadparroquialsanjuan.gob.ec\/azuay\/wp-content\/uploads\/2023\/05\/INVITACION-A-LA-CIUDADANIA-PARA-LA-CONSULTA-DE-PREGUNTAS.pdf\">INVITACION A LA CIUDADAN\u00cdA PARA LA CONSULTA DE PREGUNTAS<\/a><\/p>\n<p><a href=\"https:\/\/gadparroquialsanjuan.gob.ec\/azuay\/wp-content\/uploads\/2023\/05\/INVITACION-A-LA-RENDICION-DE-CUENTAS-A-LA-CIUDADANIA.pdf\">INVITACION A LA RENDICION DE CUENTAS A LA CIUDADANIA<\/a><\/p>\n<p><a href=\"https:\/\/gadparroquialsanjuan.gob.ec\/azuay\/wp-content\/uploads\/2023\/05\/INVITACION-A-RENDICION-DE-CUENTAS-ARTE.pdf\">INVITACION A RENDICION DE CUENTAS (ARTE)<\/a><\/p>\n<p><a href=\"https:\/\/gadparroquialsanjuan.gob.ec\/azuay\/wp-content\/uploads\/2023\/05\/RESOLUCION-DE-APROBACION-DEL-PROCESO-DE-RENDICION-DE-CUENTAS.pdf\">RESOLUCION DE APROBACION DEL PROCESO DE RENDICION DE CUENTAS<\/a><\/p>\n<p><a href=\"https:\/\/gadparroquialsanjuan.gob.ec\/azuay\/wp-content\/uploads\/2023\/05\/GASTOS-ANO-2022-CORRIENTE-Y-DE-INVERSION.pdf\">GASTOS A\u00d1O 2022 (CORRIENTE Y DE INVERSION)<\/a><\/p>\n<p><a href=\"https:\/\/gadparroquialsanjuan.gob.ec\/azuay\/wp-content\/uploads\/2023\/05\/PRESUPUESTO-ANO-2022.pdf\">PRESUPUESTO A\u00d1O 2022<\/a><\/p>\n<p><a href=\"https:\/\/gadparroquialsanjuan.gob.ec\/azuay\/wp-content\/uploads\/2023\/05\/GASTOS-ANO-2022-CORRIENTE-Y-DE-INVERSION-1.pdf\">GASTOS A\u00d1O 2022 (CORRIENTE Y DE INVERSION) <\/a><\/p>\n<p><a href=\"https:\/\/gadparroquialsanjuan.gob.ec\/azuay\/wp-content\/uploads\/2023\/05\/PROYECTO-1-1.pdf\">PROYECTO 1 (1)<\/a><\/p>\n<p><a href=\"https:\/\/gadparroquialsanjuan.gob.ec\/azuay\/wp-content\/uploads\/2023\/05\/PROYECTO-2-1.pdf\">PROYECTO 2 (1)<\/a><\/p>\n<p><a href=\"https:\/\/gadparroquialsanjuan.gob.ec\/azuay\/wp-content\/uploads\/2023\/05\/PROYECTO-3-1.pdf\">PROYECTO 3 (1)<\/a><\/p>\n<p><a href=\"https:\/\/gadparroquialsanjuan.gob.ec\/azuay\/wp-content\/uploads\/2023\/05\/PROYECTO-4-1.pdf\">PROYECTO 4 (1)<\/a><\/p>\n<p><a href=\"https:\/\/gadparroquialsanjuan.gob.ec\/azuay\/wp-content\/uploads\/2023\/05\/PROYECTO-5-1.pdf\">PROYECTO 5 (1)<\/a><\/p>\n<p><a href=\"https:\/\/gadparroquialsanjuan.gob.ec\/azuay\/wp-content\/uploads\/2023\/05\/PROYECTO-6-1.pdf\">PROYECTO 6 (1)<\/a><\/p>\n<p><a href=\"https:\/\/gadparroquialsanjuan.gob.ec\/azuay\/wp-content\/uploads\/2023\/05\/PROYECTO-7-1.pdf\">PROYECTO 7 (1)<\/a><\/p>\n<p><a href=\"https:\/\/gadparroquialsanjuan.gob.ec\/azuay\/wp-content\/uploads\/2023\/05\/PROYECTO-8-1.pdf\">PROYECTO 8 (1)<\/a><\/p>\n<p><a href=\"https:\/\/gadparroquialsanjuan.gob.ec\/azuay\/wp-content\/uploads\/2023\/05\/PROYECTO-9-1.pdf\">PROYECTO 9 (1)<\/a><\/p>\n<p><a href=\"https:\/\/gadparroquialsanjuan.gob.ec\/azuay\/wp-content\/uploads\/2023\/05\/PROYECTO-10-2.pdf\">PROYECTO 10 (2)<\/a><\/p>\n<p><a href=\"https:\/\/gadparroquialsanjuan.gob.ec\/azuay\/wp-content\/uploads\/2023\/05\/PROYECTO-11-1.pdf\">PROYECTO 11 (1)<\/a><\/p>\n<p><a href=\"https:\/\/gadparroquialsanjuan.gob.ec\/azuay\/wp-content\/uploads\/2023\/05\/PROYECTO-12-1.pdf\">PROYECTO 12 (1)<\/a><\/p>\n<p><a href=\"https:\/\/gadparroquialsanjuan.gob.ec\/azuay\/wp-content\/uploads\/2023\/05\/PROYECTO-13-1.pdf\">PROYECTO 13 (1)<\/a><\/p>\n<p><a href=\"https:\/\/gadparroquialsanjuan.gob.ec\/azuay\/wp-content\/uploads\/2023\/05\/PROYECTO-14-1.pdf\">PROYECTO 14 (1)<\/a><\/p>\n<p><a href=\"https:\/\/gadparroquialsanjuan.gob.ec\/azuay\/wp-content\/uploads\/2023\/05\/PROYECTO-15-1.pdf\">PROYECTO 15 (1)<\/a><\/p>\n<p><a href=\"https:\/\/gadparroquialsanjuan.gob.ec\/azuay\/wp-content\/uploads\/2023\/05\/PROYECTO-16-1.pdf\">PROYECTO 16 (1)<\/a><\/p>\n<p><a href=\"https:\/\/gadparroquialsanjuan.gob.ec\/azuay\/wp-content\/uploads\/2023\/05\/PROYECTO-17-1.pdf\">PROYECTO 17 (1)<\/a><\/p>\n<p><a href=\"https:\/\/gadparroquialsanjuan.gob.ec\/azuay\/wp-content\/uploads\/2023\/05\/PROYECTO-18-1.pdf\">PROYECTO 18 (1)<\/a><\/p>\n<p><a href=\"https:\/\/gadparroquialsanjuan.gob.ec\/azuay\/wp-content\/uploads\/2023\/05\/PROYECTO-19-1.pdf\">PROYECTO 19 (1)<\/a><\/p>\n<p><a href=\"https:\/\/gadparroquialsanjuan.gob.ec\/azuay\/wp-content\/uploads\/2023\/05\/PROYECTO-20.pdf\">PROYECTO 20<\/a><\/p>\n<p><a href=\"https:\/\/gadparroquialsanjuan.gob.ec\/azuay\/wp-content\/uploads\/2023\/05\/PROYECTO-21.pdf\">PROYECTO 21<\/a><\/p>\n<p><a href=\"https:\/\/gadparroquialsanjuan.gob.ec\/azuay\/wp-content\/uploads\/2023\/05\/PROYECTO-22.pdf\">PROYECTO 22<\/a><\/p>\n<p>&nbsp;<\/p>\n","protected":false},"excerpt":{"rendered":"<p>PRESENTACI\u00d3N SAN JUAN 2022 ReporteInformeGad Rendicion de cuentas a\u00f1o 2022 AutoridadesFinGestion Sandra Quichimbo AutoridadesFinGestion Raul R\u00edos (1) AutoridadesFinGestion Jonnathan Qui\u00f1onez (1) AutoridadesFinGestion Jaime Nivicela (1) Autoridades Sandra Quichimbo Autoridades Raul R\u00edos (1) Autoridades Jonnathan Qui\u00f1onez (1) Autoridades Jaime Encalada (1) Autoridades Digna Zapatanga (1) &nbsp; ACTA DE LA REUNION DE LA RENDICION DE CUENTAS ACTA [&hellip;]<\/p>\n","protected":false},"author":4,"featured_media":0,"parent":0,"menu_order":0,"comment_status":"closed","ping_status":"closed","template":"","meta":{"_joinchat":[],"footnotes":""},"class_list":["post-1005","page","type-page","status-publish","hentry"],"yoast_head":"<!-- This site is optimized with the Yoast SEO plugin v24.1 - https:\/\/yoast.com\/wordpress\/plugins\/seo\/ -->\n<title>Rendici\u00f3n de Cuentas 2022 - GAD Parroquial de San Juan<\/title>\n<meta name=\"robots\" content=\"index, follow, max-snippet:-1, max-image-preview:large, max-video-preview:-1\" \/>\n<link rel=\"canonical\" href=\"https:\/\/gadparroquialsanjuan.gob.ec\/azuay\/rendicion-de-cuentas-2022\/\" \/>\n<meta property=\"og:locale\" content=\"es_ES\" \/>\n<meta property=\"og:type\" content=\"article\" \/>\n<meta property=\"og:title\" content=\"Rendici\u00f3n de Cuentas 2022 - GAD Parroquial de San Juan\" \/>\n<meta property=\"og:description\" content=\"PRESENTACI\u00d3N SAN JUAN 2022 ReporteInformeGad Rendicion de cuentas a\u00f1o 2022 AutoridadesFinGestion Sandra Quichimbo AutoridadesFinGestion Raul R\u00edos (1) AutoridadesFinGestion Jonnathan Qui\u00f1onez (1) AutoridadesFinGestion Jaime Nivicela (1) Autoridades Sandra Quichimbo Autoridades Raul R\u00edos (1) Autoridades Jonnathan Qui\u00f1onez (1) Autoridades Jaime Encalada (1) Autoridades Digna Zapatanga (1) &nbsp; ACTA DE LA REUNION DE LA RENDICION DE CUENTAS ACTA [&hellip;]\" \/>\n<meta property=\"og:url\" content=\"https:\/\/gadparroquialsanjuan.gob.ec\/azuay\/rendicion-de-cuentas-2022\/\" \/>\n<meta property=\"og:site_name\" content=\"GAD Parroquial de San Juan\" \/>\n<meta property=\"article:modified_time\" content=\"2023-07-17T23:31:42+00:00\" \/>\n<meta name=\"twitter:card\" content=\"summary_large_image\" \/>\n<meta name=\"twitter:label1\" content=\"Tiempo de lectura\" \/>\n\t<meta name=\"twitter:data1\" content=\"1 minuto\" \/>\n<script type=\"application\/ld+json\" class=\"yoast-schema-graph\">{\"@context\":\"https:\/\/schema.org\",\"@graph\":[{\"@type\":\"WebPage\",\"@id\":\"https:\/\/gadparroquialsanjuan.gob.ec\/azuay\/rendicion-de-cuentas-2022\/\",\"url\":\"https:\/\/gadparroquialsanjuan.gob.ec\/azuay\/rendicion-de-cuentas-2022\/\",\"name\":\"Rendici\u00f3n de Cuentas 2022 - GAD Parroquial de San Juan\",\"isPartOf\":{\"@id\":\"https:\/\/gadparroquialsanjuan.gob.ec\/azuay\/#website\"},\"datePublished\":\"2022-01-10T16:40:23+00:00\",\"dateModified\":\"2023-07-17T23:31:42+00:00\",\"breadcrumb\":{\"@id\":\"https:\/\/gadparroquialsanjuan.gob.ec\/azuay\/rendicion-de-cuentas-2022\/#breadcrumb\"},\"inLanguage\":\"es\",\"potentialAction\":[{\"@type\":\"ReadAction\",\"target\":[\"https:\/\/gadparroquialsanjuan.gob.ec\/azuay\/rendicion-de-cuentas-2022\/\"]}]},{\"@type\":\"BreadcrumbList\",\"@id\":\"https:\/\/gadparroquialsanjuan.gob.ec\/azuay\/rendicion-de-cuentas-2022\/#breadcrumb\",\"itemListElement\":[{\"@type\":\"ListItem\",\"position\":1,\"name\":\"Home\",\"item\":\"https:\/\/gadparroquialsanjuan.gob.ec\/azuay\/\"},{\"@type\":\"ListItem\",\"position\":2,\"name\":\"Rendici\u00f3n de Cuentas 2022\"}]},{\"@type\":\"WebSite\",\"@id\":\"https:\/\/gadparroquialsanjuan.gob.ec\/azuay\/#website\",\"url\":\"https:\/\/gadparroquialsanjuan.gob.ec\/azuay\/\",\"name\":\"GAD Parroquial de San Juan\",\"description\":\"Sitio Oficial del GAD Parroquial San Juan Azuay\",\"publisher\":{\"@id\":\"https:\/\/gadparroquialsanjuan.gob.ec\/azuay\/#organization\"},\"potentialAction\":[{\"@type\":\"SearchAction\",\"target\":{\"@type\":\"EntryPoint\",\"urlTemplate\":\"https:\/\/gadparroquialsanjuan.gob.ec\/azuay\/?s={search_term_string}\"},\"query-input\":{\"@type\":\"PropertyValueSpecification\",\"valueRequired\":true,\"valueName\":\"search_term_string\"}}],\"inLanguage\":\"es\"},{\"@type\":\"Organization\",\"@id\":\"https:\/\/gadparroquialsanjuan.gob.ec\/azuay\/#organization\",\"name\":\"GAD parroquial de San Juan del Cid\",\"url\":\"https:\/\/gadparroquialsanjuan.gob.ec\/azuay\/\",\"logo\":{\"@type\":\"ImageObject\",\"inLanguage\":\"es\",\"@id\":\"https:\/\/gadparroquialsanjuan.gob.ec\/azuay\/#\/schema\/logo\/image\/\",\"url\":\"https:\/\/gadparroquialsanjuan.gob.ec\/azuay\/wp-content\/uploads\/2020\/06\/logoFooter.png\",\"contentUrl\":\"https:\/\/gadparroquialsanjuan.gob.ec\/azuay\/wp-content\/uploads\/2020\/06\/logoFooter.png\",\"width\":200,\"height\":150,\"caption\":\"GAD parroquial de San Juan del Cid\"},\"image\":{\"@id\":\"https:\/\/gadparroquialsanjuan.gob.ec\/azuay\/#\/schema\/logo\/image\/\"}}]}<\/script>\n<!-- \/ Yoast SEO plugin. -->","yoast_head_json":{"title":"Rendici\u00f3n de Cuentas 2022 - GAD Parroquial de San Juan","robots":{"index":"index","follow":"follow","max-snippet":"max-snippet:-1","max-image-preview":"max-image-preview:large","max-video-preview":"max-video-preview:-1"},"canonical":"https:\/\/gadparroquialsanjuan.gob.ec\/azuay\/rendicion-de-cuentas-2022\/","og_locale":"es_ES","og_type":"article","og_title":"Rendici\u00f3n de Cuentas 2022 - GAD Parroquial de San Juan","og_description":"PRESENTACI\u00d3N SAN JUAN 2022 ReporteInformeGad Rendicion de cuentas a\u00f1o 2022 AutoridadesFinGestion Sandra Quichimbo AutoridadesFinGestion Raul R\u00edos (1) AutoridadesFinGestion Jonnathan Qui\u00f1onez (1) AutoridadesFinGestion Jaime Nivicela (1) Autoridades Sandra Quichimbo Autoridades Raul R\u00edos (1) Autoridades Jonnathan Qui\u00f1onez (1) Autoridades Jaime Encalada (1) Autoridades Digna Zapatanga (1) &nbsp; ACTA DE LA REUNION DE LA RENDICION DE CUENTAS ACTA [&hellip;]","og_url":"https:\/\/gadparroquialsanjuan.gob.ec\/azuay\/rendicion-de-cuentas-2022\/","og_site_name":"GAD Parroquial de San Juan","article_modified_time":"2023-07-17T23:31:42+00:00","twitter_card":"summary_large_image","twitter_misc":{"Tiempo de lectura":"1 minuto"},"schema":{"@context":"https:\/\/schema.org","@graph":[{"@type":"WebPage","@id":"https:\/\/gadparroquialsanjuan.gob.ec\/azuay\/rendicion-de-cuentas-2022\/","url":"https:\/\/gadparroquialsanjuan.gob.ec\/azuay\/rendicion-de-cuentas-2022\/","name":"Rendici\u00f3n de Cuentas 2022 - GAD Parroquial de San Juan","isPartOf":{"@id":"https:\/\/gadparroquialsanjuan.gob.ec\/azuay\/#website"},"datePublished":"2022-01-10T16:40:23+00:00","dateModified":"2023-07-17T23:31:42+00:00","breadcrumb":{"@id":"https:\/\/gadparroquialsanjuan.gob.ec\/azuay\/rendicion-de-cuentas-2022\/#breadcrumb"},"inLanguage":"es","potentialAction":[{"@type":"ReadAction","target":["https:\/\/gadparroquialsanjuan.gob.ec\/azuay\/rendicion-de-cuentas-2022\/"]}]},{"@type":"BreadcrumbList","@id":"https:\/\/gadparroquialsanjuan.gob.ec\/azuay\/rendicion-de-cuentas-2022\/#breadcrumb","itemListElement":[{"@type":"ListItem","position":1,"name":"Home","item":"https:\/\/gadparroquialsanjuan.gob.ec\/azuay\/"},{"@type":"ListItem","position":2,"name":"Rendici\u00f3n de Cuentas 2022"}]},{"@type":"WebSite","@id":"https:\/\/gadparroquialsanjuan.gob.ec\/azuay\/#website","url":"https:\/\/gadparroquialsanjuan.gob.ec\/azuay\/","name":"GAD Parroquial de San Juan","description":"Sitio Oficial del GAD Parroquial San Juan Azuay","publisher":{"@id":"https:\/\/gadparroquialsanjuan.gob.ec\/azuay\/#organization"},"potentialAction":[{"@type":"SearchAction","target":{"@type":"EntryPoint","urlTemplate":"https:\/\/gadparroquialsanjuan.gob.ec\/azuay\/?s={search_term_string}"},"query-input":{"@type":"PropertyValueSpecification","valueRequired":true,"valueName":"search_term_string"}}],"inLanguage":"es"},{"@type":"Organization","@id":"https:\/\/gadparroquialsanjuan.gob.ec\/azuay\/#organization","name":"GAD parroquial de San Juan del Cid","url":"https:\/\/gadparroquialsanjuan.gob.ec\/azuay\/","logo":{"@type":"ImageObject","inLanguage":"es","@id":"https:\/\/gadparroquialsanjuan.gob.ec\/azuay\/#\/schema\/logo\/image\/","url":"https:\/\/gadparroquialsanjuan.gob.ec\/azuay\/wp-content\/uploads\/2020\/06\/logoFooter.png","contentUrl":"https:\/\/gadparroquialsanjuan.gob.ec\/azuay\/wp-content\/uploads\/2020\/06\/logoFooter.png","width":200,"height":150,"caption":"GAD parroquial de San Juan del Cid"},"image":{"@id":"https:\/\/gadparroquialsanjuan.gob.ec\/azuay\/#\/schema\/logo\/image\/"}}]}},"_links":{"self":[{"href":"https:\/\/gadparroquialsanjuan.gob.ec\/azuay\/wp-json\/wp\/v2\/pages\/1005","targetHints":{"allow":["GET"]}}],"collection":[{"href":"https:\/\/gadparroquialsanjuan.gob.ec\/azuay\/wp-json\/wp\/v2\/pages"}],"about":[{"href":"https:\/\/gadparroquialsanjuan.gob.ec\/azuay\/wp-json\/wp\/v2\/types\/page"}],"author":[{"embeddable":true,"href":"https:\/\/gadparroquialsanjuan.gob.ec\/azuay\/wp-json\/wp\/v2\/users\/4"}],"replies":[{"embeddable":true,"href":"https:\/\/gadparroquialsanjuan.gob.ec\/azuay\/wp-json\/wp\/v2\/comments?post=1005"}],"version-history":[{"count":7,"href":"https:\/\/gadparroquialsanjuan.gob.ec\/azuay\/wp-json\/wp\/v2\/pages\/1005\/revisions"}],"predecessor-version":[{"id":1558,"href":"https:\/\/gadparroquialsanjuan.gob.ec\/azuay\/wp-json\/wp\/v2\/pages\/1005\/revisions\/1558"}],"wp:attachment":[{"href":"https:\/\/gadparroquialsanjuan.gob.ec\/azuay\/wp-json\/wp\/v2\/media?parent=1005"}],"curies":[{"name":"wp","href":"https:\/\/api.w.org\/{rel}","templated":true}]}}